{"id":3212,"date":"2023-01-22T17:12:52","date_gmt":"2023-01-22T23:12:52","guid":{"rendered":"https:\/\/kermitmurray.com\/msblog\/?page_id=3212"},"modified":"2023-01-22T17:12:52","modified_gmt":"2023-01-22T23:12:52","slug":"science-first-release","status":"publish","type":"page","link":"https:\/\/kermitmurray.com\/msblog\/links\/journal-feeds\/science-journals\/science-journal\/science-first-release\/","title":{"rendered":"Science First Release"},"content":{"rendered":"\n<div class=\"wp-block-caxton-grid relative\"><div class=\"absolute absolute--fill\"><div class=\"absolute absolute--fill cover bg-center\" style=\"background-color:;background-image:linear-gradient( );\"><\/div><div class=\"absolute absolute--fill\" style=\"background-color:;background-image:linear-gradient( );opacity:1;\"><\/div><\/div><div class=\"relative caxton-columns caxton-grid-block\" style=\"padding-top:0;padding-left:0;padding-bottom:0;padding-right:0;grid-template-columns:repeat(12, 1fr)\" data-tablet-css=\"padding-left:em;padding-right:em;\" data-mobile-css=\"padding-left:em;padding-right:em;\">\n<div class=\"wp-block-caxton-section relative\" style=\"grid-area:span 1\/span 8\"><div class=\"absolute absolute--fill\"><div class=\"absolute absolute--fill cover bg-center\" style=\"background-color:;background-image:linear-gradient( );\"><\/div><div class=\"absolute absolute--fill\" style=\"background-color:;background-image:linear-gradient( );opacity:1;\"><\/div><\/div><div class=\"relative caxton-section-block\" style=\"padding-top:5px;padding-left:5px;padding-bottom:5px;padding-right:5px\" data-mobile-css=\"padding-left:1em;padding-right:1em;\" data-tablet-css=\"padding-left:1em;padding-right:1em;\">\n<p><strong><a href=\"https:\/\/www.science.org\/content\/page\/email-alerts-and-rss-feeds\" target=\"_blank\" rel=\"noreferrer noopener\">Journal Home<\/a><\/strong><\/p>\n<\/div><\/div>\n\n\n\n<div class=\"wp-block-caxton-section relative\" style=\"grid-area:span 1\/span 4\"><div class=\"absolute absolute--fill\"><div class=\"absolute absolute--fill cover bg-center\" style=\"background-color:;background-image:linear-gradient( );\"><\/div><div class=\"absolute absolute--fill\" style=\"background-color:;background-image:linear-gradient( );opacity:1;\"><\/div><\/div><div class=\"relative caxton-section-block\" style=\"padding-top:5px;padding-left:5px;padding-bottom:5px;padding-right:5px\" data-mobile-css=\"padding-left:1em;padding-right:1em;\" data-tablet-css=\"padding-left:1em;padding-right:1em;\">\n<p><strong><a href=\"https:\/\/www.science.org\/action\/showFeed?type=axatoc&amp;feed=rss&amp;jc=science\" target=\"_blank\" rel=\"noreferrer noopener\">RSS<\/a><\/strong><\/p>\n<\/div><\/div>\n<\/div><\/div>\n\n\n<ul class=\"has-dates has-authors has-excerpts wp-block-rss\"><li class='wp-block-rss__item'><div class='wp-block-rss__item-title'><a href='https:\/\/www.science.org\/doi\/abs\/10.1126\/science.aeb2271?af=R'>Device-scaling constraints imposed by the van der Waals gap formed in two-dimensional materials<\/a><\/div><time datetime=\"2026-04-16T06:00:01-05:00\" class=\"wp-block-rss__item-publish-date\">April 16, 2026<\/time> <span class=\"wp-block-rss__item-author\">by Mahdi Pourfath and Tibor Grasser<\/span><div class=\"wp-block-rss__item-excerpt\">Science, Ahead of Print.<\/div><\/li><li class='wp-block-rss__item'><div class='wp-block-rss__item-title'><a href='https:\/\/www.science.org\/doi\/abs\/10.1126\/science.aed1656?af=R'>Protein-templated synthesis of dinucleotide repeat DNA by an antiphage reverse transcriptase<\/a><\/div><time datetime=\"2026-04-16T06:00:01-05:00\" class=\"wp-block-rss__item-publish-date\">April 16, 2026<\/time> <span class=\"wp-block-rss__item-author\">by Pujuan Deng, Hyunbin Lee, Carlo Armijo, Haoqing Wang, Alex Gao<\/span><div class=\"wp-block-rss__item-excerpt\">Science, Ahead of Print.<\/div><\/li><li class='wp-block-rss__item'><div class='wp-block-rss__item-title'><a href='https:\/\/www.science.org\/doi\/abs\/10.1126\/science.aeb0045?af=R'>Reimagining human-centric drug development with new approach methodologies<\/a><\/div><time datetime=\"2026-04-16T06:00:01-05:00\" class=\"wp-block-rss__item-publish-date\">April 16, 2026<\/time> <span class=\"wp-block-rss__item-author\">by Xuekun Wu, Matthew A. Wu, James Zou, Nicole Kleinstreuer, Joseph C. Wu<\/span><div class=\"wp-block-rss__item-excerpt\">Science, Ahead of Print.<\/div><\/li><li class='wp-block-rss__item'><div class='wp-block-rss__item-title'><a href='https:\/\/www.science.org\/doi\/abs\/10.1126\/science.adv3081?af=R'>A high-throughput selection system for fast-acting covalent protein drugs<\/a><\/div><time datetime=\"2026-04-02T05:59:01-05:00\" class=\"wp-block-rss__item-publish-date\">April 2, 2026<\/time> <span class=\"wp-block-rss__item-author\">by Qiongxuan Fan, Jiahao Mei, Tian Li, Chuanlong Zang, Mengjiao Li, Jing Tang, You Xu, Ge Yu, Dandan Liu, Kai Chen, Bing Yang, Jing Huang, Ting Zhou, Bobo Dang<\/span><div class=\"wp-block-rss__item-excerpt\">Science, Ahead of Print.<\/div><\/li><li class='wp-block-rss__item'><div class='wp-block-rss__item-title'><a href='https:\/\/www.science.org\/doi\/abs\/10.1126\/science.aee3540?af=R'>Divergent and programmable skeletal remodeling of complex macrocycles with a small method set<\/a><\/div><time datetime=\"2026-04-02T05:59:01-05:00\" class=\"wp-block-rss__item-publish-date\">April 2, 2026<\/time> <span class=\"wp-block-rss__item-author\">by Ali Nikbakht, Xinghan Li, Jing Wan, Can Qin, Amir H. Hoveyda<\/span><div class=\"wp-block-rss__item-excerpt\">Science, Ahead of Print.<\/div><\/li><li class='wp-block-rss__item'><div class='wp-block-rss__item-title'><a href='https:\/\/www.science.org\/doi\/abs\/10.1126\/science.aeb9934?af=R'>High-temperature memristors enabled by interfacial engineering<\/a><\/div><time datetime=\"2026-03-26T06:00:00-05:00\" class=\"wp-block-rss__item-publish-date\">March 26, 2026<\/time> <span class=\"wp-block-rss__item-author\">by Jian Zhao, Cameron S. Jorgensen, Krishnamurthy Mahalingam, Cynthia Bowers, Wataru Sugimoto, Kai Ito, Seung Ju Kim, Ruoyu Zhao, Yichun Xu, Han-Ting Liao, Rajiv K. Kalia, Aiichiro Nakano, Kohei Shimamura, Fuyuki Shimojo, Priya Vashishta, Ajit K. Roy, Ning Ge, Miao Hu, R. Stanley Williams, Qiangfei Xia, Sabyasachi Ganguli, J. Joshua Yang<\/span><div class=\"wp-block-rss__item-excerpt\">Science, Ahead of Print.<\/div><\/li><li class='wp-block-rss__item'><div class='wp-block-rss__item-title'><a href='https:\/\/www.science.org\/doi\/abs\/10.1126\/science.adw0288?af=R'>Human DHX29 detects nonoptimal codon usage to regulate mRNA stability<\/a><\/div><time datetime=\"2026-03-19T05:59:00-05:00\" class=\"wp-block-rss__item-publish-date\">March 19, 2026<\/time> <span class=\"wp-block-rss__item-author\">by Fabian Hia, Yitong Wu, Masanori Yoshinaga, Sakurako Goto-Ito, Wakana Iwasaki, Koshi Imami, Hirotaka Toh, Peixun Han, Ting Cai, Takayuki Ohira, Akira Fukao, Daron M Standley, Yuichi Shichino, Masaki Takegawa, Toshinobu Fujiwara, Tsutomu Suzuki, Shintaro Iwasaki, Michael C. Bassik, Takuhiro Ito, Osamu Takeuchi<\/span><div class=\"wp-block-rss__item-excerpt\">Science, Ahead of Print.<\/div><\/li><li class='wp-block-rss__item'><div class='wp-block-rss__item-title'><a href='https:\/\/www.science.org\/doi\/abs\/10.1126\/science.aeb6487?af=R'>Unstructured transcription factor interactions enable emergent specificity<\/a><\/div><time datetime=\"2026-03-19T05:59:00-05:00\" class=\"wp-block-rss__item-publish-date\">March 19, 2026<\/time> <span class=\"wp-block-rss__item-author\">by Abrar A. Abidi, Claudia Cattoglio, Natalie N. Tang, Vinson B. Fan, Gina M. Dailey, Amir D. Hay, Prasanthi Kunamaneni, Daniel E. Milkie, Xavier Darzacq, Eric Betzig, Robert Tjian, Thomas G. W. Graham<\/span><div class=\"wp-block-rss__item-excerpt\">Science, Ahead of Print.<\/div><\/li><li class='wp-block-rss__item'><div class='wp-block-rss__item-title'><a href='https:\/\/www.science.org\/doi\/abs\/10.1126\/science.aeb6999?af=R'>Microglia Rank signaling regulates GnRH neuronal function and the hypothalamic-pituitary-gonadal axis<\/a><\/div><time datetime=\"2026-03-12T06:00:32-05:00\" class=\"wp-block-rss__item-publish-date\">March 12, 2026<\/time> <span class=\"wp-block-rss__item-author\">by Alejandro Collado-Sole, Nozha Borjini, Jing Zhai, Francisco Ruiz-Pino, Gonzalo Soria-Alcaide, Cintia Folgueira, Celia Garc\u00eda-Vilela, Beatriz Romero-de la Rosa, Victor Lopez, Yassine Zouaghi, An Jacobs, Bella Mora-Romero, Alexandra Barranco, Guillermo Yoldi, Karine Rizzoti, Guadalupe Sabio, Gema Perez-Chacon, Patricia G. Santamaria, Jose Antonio Esteban, Nathalie Journiac, Vincent Prevot, Alberto Pascual, Rafael Fern\u00e1ndez-Chac\u00f3n, Manuel Tena-Sempere, Nelly Pitteloud, Eva Gonzalez-Suarez<\/span><div class=\"wp-block-rss__item-excerpt\">Science, Ahead of Print.<\/div><\/li><li class='wp-block-rss__item'><div class='wp-block-rss__item-title'><a href='https:\/\/www.science.org\/doi\/abs\/10.1126\/science.adt8983?af=R'>A deep-time landscape of plant cis-regulatory sequence evolution<\/a><\/div><time datetime=\"2026-03-12T06:00:00-05:00\" class=\"wp-block-rss__item-publish-date\">March 12, 2026<\/time> <span class=\"wp-block-rss__item-author\">by Kirk R. Amundson, Anat Hendelman, Danielle Ciren, Hailong Yang, Amber E. de Neve, Shai Tal, Adar Sulema, David Jackson, Madelaine E. Bartlett, Zachary B. Lippman, Idan Efroni<\/span><div class=\"wp-block-rss__item-excerpt\">Science, Ahead of Print.<\/div><\/li><li class='wp-block-rss__item'><div class='wp-block-rss__item-title'><a href='https:\/\/www.science.org\/doi\/abs\/10.1126\/science.aed6880?af=R'>A unified platform for nucleoside analog synthesis<\/a><\/div><time datetime=\"2026-03-05T07:00:09-06:00\" class=\"wp-block-rss__item-publish-date\">March 5, 2026<\/time> <span class=\"wp-block-rss__item-author\">by Matthew J. Anketell, Ethan Fung, Wenbin Liu, Mahesh Shinde, Cyndi Qixin He, Kurtis W. C. Ng, Steven M. Silverman, Louis-Charles Campeau, Ralph Pantophlet, Robert Britton<\/span><div class=\"wp-block-rss__item-excerpt\">Science, Ahead of Print.<\/div><\/li><li class='wp-block-rss__item'><div class='wp-block-rss__item-title'><a href='https:\/\/www.science.org\/doi\/abs\/10.1126\/science.aea3321?af=R'>A molecule with half-M\u00f6bius topology<\/a><\/div><time datetime=\"2026-03-05T07:00:00-06:00\" class=\"wp-block-rss__item-publish-date\">March 5, 2026<\/time> <span class=\"wp-block-rss__item-author\">by Igor Ron\u010devi\u0107, Fabian Paschke, Yueze Gao, Leonard-Alexander Lieske, Lene A. G\u00f6dde, Stefano Barison, Samuele Piccinelli, Alberto Baiardi, Ivano Tavernelli, Jascha Repp, Florian Albrecht, Harry L. Anderson, Leo Gross<\/span><div class=\"wp-block-rss__item-excerpt\">Science, Ahead of Print.<\/div><\/li><li class='wp-block-rss__item'><div class='wp-block-rss__item-title'><a href='https:\/\/www.science.org\/doi\/abs\/10.1126\/science.ady9404?af=R'>Deeper detection limits in astronomical imaging using self-supervised spatiotemporal denoising<\/a><\/div><time datetime=\"2026-02-19T07:00:16-06:00\" class=\"wp-block-rss__item-publish-date\">February 19, 2026<\/time> <span class=\"wp-block-rss__item-author\">by Yuduo Guo, Hao Zhang, Mingyu Li, Fujiang Yu, Yunjing Wu, Yuhan Hao, Song Huang, Yongming Liang, Xiaojing Lin, Xinyang Li, Jiamin Wu, Zheng Cai, Qionghai Dai<\/span><div class=\"wp-block-rss__item-excerpt\">Science, Ahead of Print.<\/div><\/li><li class='wp-block-rss__item'><div class='wp-block-rss__item-title'><a href='https:\/\/www.science.org\/doi\/abs\/10.1126\/science.aea1820?af=R'>Rapid directed evolution guided by protein language models and epistatic interactions<\/a><\/div><time datetime=\"2026-02-19T07:00:16-06:00\" class=\"wp-block-rss__item-publish-date\">February 19, 2026<\/time> <span class=\"wp-block-rss__item-author\">by Vincent Q. Tran, Matthew Nemeth, Liam J. Bartie, Sita S. Chandrasekaran, Alison Fanton, Hyungseok C. Moon, Brian L. Hie, Silvana Konermann, Patrick D. Hsu<\/span><div class=\"wp-block-rss__item-excerpt\">Science, Ahead of Print.<\/div><\/li><li class='wp-block-rss__item'><div class='wp-block-rss__item-title'><a href='https:\/\/www.science.org\/doi\/abs\/10.1126\/science.aea1260?af=R'>Mucosal vaccination in mice provides protection from diverse respiratory threats<\/a><\/div><time datetime=\"2026-02-19T07:00:16-06:00\" class=\"wp-block-rss__item-publish-date\">February 19, 2026<\/time> <span class=\"wp-block-rss__item-author\">by Haibo Zhang, Katharine Floyd, Zhuoqing Fang, Filipe Araujo Hoffmann, Audrey Lee, Heather Marie Froggatt, Gurpreet Bharj, Xia Xie, Haleigh B. Eppler, Jordan Mariah Santagata, Yanli Wang, Mengyun Hu Christopher B. Fox, Prabhu S. Arunachalam, Ralph Baric, Mehul S. Suthar, Bali Pulendran<\/span><div class=\"wp-block-rss__item-excerpt\">Science, Ahead of Print.<\/div><\/li><li class='wp-block-rss__item'><div class='wp-block-rss__item-title'><a href='https:\/\/www.science.org\/doi\/abs\/10.1126\/science.adx9954?af=R'>Rewiring STAT signaling from the cell surface with Trikine immunotherapeutics<\/a><\/div><time datetime=\"2026-02-19T07:00:16-06:00\" class=\"wp-block-rss__item-publish-date\">February 19, 2026<\/time> <span class=\"wp-block-rss__item-author\">by Grayson E. Rodriguez, Yang Zhao, Yoko Nishiga, Frank Peprah, Jiao Shen, Gita C. Abhiraman, Masato Ogishi Chenyu Zhang, Justin Saco, Deepa Waghray, Mamatha Serasanambati, Leonel Torres, Brandon W. Simone, Leon Su, Steven C. Wilson, Aerin Yang, Qinli Sun, Lora Picton, Robert A. Saxton, Vidit Bhandarkar, Madeline J. Lee, Elizabeth Andrews, Hua Jiang, Matthias Obenaus, Michelle Yen, Tavus Atajanova, Catherine A. Blish, Stefani Spranger, E. John Wherry, Amanda Kirane, Antoni Ribas, David H. Raulet, Anusha Kalbasi, Stephanie K. Dougan, Michael Dougan, Julien Sage, K. Christopher Garcia<\/span><div class=\"wp-block-rss__item-excerpt\">Science, Ahead of Print.<\/div><\/li><li class='wp-block-rss__item'><div class='wp-block-rss__item-title'><a href='https:\/\/www.science.org\/doi\/abs\/10.1126\/science.aec6413?af=R'>Molecular solar thermal energy storage in Dewar pyrimidone beyond 1.6 MJ\/kg<\/a><\/div><time datetime=\"2026-02-12T07:00:00-06:00\" class=\"wp-block-rss__item-publish-date\">February 12, 2026<\/time> <span class=\"wp-block-rss__item-author\">by Han P. Q. Nguyen, Alexander J. Maertens, Benjamin A. Baker, Nathan M.-W. Wu, Zihao Ye, Qingyang Zhou, Qianfeng Qiu, Navneet Kaur, David B. Berkinsky, Katherine E. Shulenberger, K. N. Houk, Grace G. D. Han<\/span><div class=\"wp-block-rss__item-excerpt\">Science, Ahead of Print.<\/div><\/li><\/ul>\n\n\n<hr class=\"wp-block-separator has-alpha-channel-opacity is-style-wide\"\/>\n\n\n\n<h4 class=\"wp-block-heading\">Related Journals<\/h4>\n\n\n<ul class=\"su-siblings\"><li class=\"page_item page-item-3210\"><a href=\"https:\/\/kermitmurray.com\/msblog\/links\/journal-feeds\/science-journals\/science-journal\/science-in-the-pipeline\/\">Science in the Pipeline<\/a><\/li>\n<li class=\"page_item page-item-3208\"><a href=\"https:\/\/kermitmurray.com\/msblog\/links\/journal-feeds\/science-journals\/science-journal\/science-podcast\/\">Science Podcast<\/a><\/li>\n<\/ul>\n","protected":false},"excerpt":{"rendered":"<p>Related Journals<\/p>\n","protected":false},"author":1,"featured_media":3202,"parent":3204,"menu_order":0,"comment_status":"closed","ping_status":"closed","template":"","meta":{"footnotes":"","_links_to":"","_links_to_target":""},"class_list":["post-3212","page","type-page","status-publish","has-post-thumbnail","hentry","entry"],"_links":{"self":[{"href":"https:\/\/kermitmurray.com\/msblog\/wp-json\/wp\/v2\/pages\/3212","targetHints":{"allow":["GET"]}}],"collection":[{"href":"https:\/\/kermitmurray.com\/msblog\/wp-json\/wp\/v2\/pages"}],"about":[{"href":"https:\/\/kermitmurray.com\/msblog\/wp-json\/wp\/v2\/types\/page"}],"author":[{"embeddable":true,"href":"https:\/\/kermitmurray.com\/msblog\/wp-json\/wp\/v2\/users\/1"}],"replies":[{"embeddable":true,"href":"https:\/\/kermitmurray.com\/msblog\/wp-json\/wp\/v2\/comments?post=3212"}],"version-history":[{"count":1,"href":"https:\/\/kermitmurray.com\/msblog\/wp-json\/wp\/v2\/pages\/3212\/revisions"}],"predecessor-version":[{"id":3213,"href":"https:\/\/kermitmurray.com\/msblog\/wp-json\/wp\/v2\/pages\/3212\/revisions\/3213"}],"up":[{"embeddable":true,"href":"https:\/\/kermitmurray.com\/msblog\/wp-json\/wp\/v2\/pages\/3204"}],"wp:featuredmedia":[{"embeddable":true,"href":"https:\/\/kermitmurray.com\/msblog\/wp-json\/wp\/v2\/media\/3202"}],"wp:attachment":[{"href":"https:\/\/kermitmurray.com\/msblog\/wp-json\/wp\/v2\/media?parent=3212"}],"curies":[{"name":"wp","href":"https:\/\/api.w.org\/{rel}","templated":true}]}}