{"id":2814,"date":"2022-12-25T17:10:54","date_gmt":"2022-12-25T23:10:54","guid":{"rendered":"https:\/\/kermitmurray.com\/msblog\/?page_id=2814"},"modified":"2022-12-25T17:10:54","modified_gmt":"2022-12-25T23:10:54","slug":"chemical-science","status":"publish","type":"page","link":"https:\/\/kermitmurray.com\/msblog\/links\/journal-feeds\/biochemistry-journal-feeds\/chemical-science\/","title":{"rendered":"Chemical Science"},"content":{"rendered":"\n<div class=\"wp-block-caxton-grid relative\"><div class=\"absolute absolute--fill\"><div class=\"absolute absolute--fill cover bg-center\" style=\"background-color:;background-image:linear-gradient( );\"><\/div><div class=\"absolute absolute--fill\" style=\"background-color:;background-image:linear-gradient( );opacity:1;\"><\/div><\/div><div class=\"relative caxton-columns caxton-grid-block\" style=\"padding-top:0;padding-left:0;padding-bottom:0;padding-right:0;grid-template-columns:repeat(12, 1fr)\" data-tablet-css=\"padding-left:em;padding-right:em;\" data-mobile-css=\"padding-left:em;padding-right:em;\">\n<div class=\"wp-block-caxton-section relative\" style=\"grid-area:span 1\/span 8\"><div class=\"absolute absolute--fill\"><div class=\"absolute absolute--fill cover bg-center\" style=\"background-color:;background-image:linear-gradient( );\"><\/div><div class=\"absolute absolute--fill\" style=\"background-color:;background-image:linear-gradient( );opacity:1;\"><\/div><\/div><div class=\"relative caxton-section-block\" style=\"padding-top:5px;padding-left:5px;padding-bottom:5px;padding-right:5px\" data-mobile-css=\"padding-left:1em;padding-right:1em;\" data-tablet-css=\"padding-left:1em;padding-right:1em;\">\n<p><strong><a href=\"https:\/\/pubs.rsc.org\/en\/journals\/journalissues\/sc\" target=\"_blank\" rel=\"noreferrer noopener\">Journal Home<\/a><\/strong><\/p>\n<\/div><\/div>\n\n\n\n<div class=\"wp-block-caxton-section relative\" style=\"grid-area:span 1\/span 4\"><div class=\"absolute absolute--fill\"><div class=\"absolute absolute--fill cover bg-center\" style=\"background-color:;background-image:linear-gradient( );\"><\/div><div class=\"absolute absolute--fill\" style=\"background-color:;background-image:linear-gradient( );opacity:1;\"><\/div><\/div><div class=\"relative caxton-section-block\" style=\"padding-top:5px;padding-left:5px;padding-bottom:5px;padding-right:5px\" data-mobile-css=\"padding-left:1em;padding-right:1em;\" data-tablet-css=\"padding-left:1em;padding-right:1em;\">\n<p><strong><a href=\"http:\/\/feeds.rsc.org\/rss\/sc\" target=\"_blank\" rel=\"noreferrer noopener\">RSS<\/a><\/strong><\/p>\n<\/div><\/div>\n<\/div><\/div>\n\n\n<ul class=\"has-dates has-authors has-excerpts wp-block-rss\"><li class='wp-block-rss__item'><div class='wp-block-rss__item-title'><a href='http:\/\/pubs.rsc.org\/en\/Content\/ArticleLanding\/2026\/SC\/D6SC02842J'>pH-Activatable Brominated Pentamethine Cyanine Dyes for Imaging-Guided Photodynamic Immunotherapy of Tumors<\/a><\/div><time datetime=\"2026-05-12T23:00:00-05:00\" class=\"wp-block-rss__item-publish-date\">May 12, 2026<\/time> <span class=\"wp-block-rss__item-author\">by Wangna Tang<\/span><div class=\"wp-block-rss__item-excerpt\">Chem. Sci., 2026, Accepted ManuscriptDOI: 10.1039\/D6SC02842J, Edge Article Open Access &amp;nbsp This article is licensed under a Creative Commons Attribution 3.0 Unported Licence.Wangna Tang, Yanbing Cao, Ran Wang, Tian Qiu, Ying Qi Hu, Shaoyang Shi, Xiaolong Zeng, Jiangli Fan, Wen Sun, Xiaojun PengPhotodynamic therapy (PDT) has emerged as a minimally invasive antitumor strategy, yet conventional photosensitizers often suffer from off-target phototoxicity under physiological conditions. This study presents a novel pH-activatable brominated pentamethine&#8230;The content of this RSS Feed (c) The Royal [&hellip;]<\/div><\/li><li class='wp-block-rss__item'><div class='wp-block-rss__item-title'><a href='http:\/\/pubs.rsc.org\/en\/Content\/ArticleLanding\/2026\/SC\/D6SC00313C'>A[A6Ch][Si12P20] (A = Sr, Ba; Ch = S, Se, Te): Achieving Wide Band Gap of Pnictides by Constructing [A6Ch] octahedral ionic units<\/a><\/div><time datetime=\"2026-05-12T23:00:00-05:00\" class=\"wp-block-rss__item-publish-date\">May 12, 2026<\/time> <span class=\"wp-block-rss__item-author\">by Huikang  Jiang<\/span><div class=\"wp-block-rss__item-excerpt\">Chem. Sci., 2026, Accepted ManuscriptDOI: 10.1039\/D6SC00313C, Edge Article Open Access &amp;nbsp This article is licensed under a Creative Commons Attribution 3.0 Unported Licence.Huikang Jiang, Ning Ye, Guang Peng, Jindong ChenThe design and synthesis of novel inorganic pnictides have long been challenged by the difficulty of achieving wide band gap, with most pnictides exhibiting narrow band gap of Eg<\/div><\/li><li class='wp-block-rss__item'><div class='wp-block-rss__item-title'><a href='http:\/\/pubs.rsc.org\/en\/Content\/ArticleLanding\/2026\/SC\/D6SC02303G'>Methyl-Induced Ring-Locking Strategy for Concentration-Independent MR-TADF Emitters toward High-Performance OLEDs with BT. 2020 Blue Gamut<\/a><\/div><time datetime=\"2026-05-11T23:00:00-05:00\" class=\"wp-block-rss__item-publish-date\">May 11, 2026<\/time> <span class=\"wp-block-rss__item-author\">by Gaoyu Li<\/span><div class=\"wp-block-rss__item-excerpt\">Chem. Sci., 2026, Accepted ManuscriptDOI: 10.1039\/D6SC02303G, Edge Article Open Access &amp;nbsp This article is licensed under a Creative Commons Attribution-NonCommercial 3.0 Unported Licence.Gaoyu Li, Yuyuan Wang, Bo Wu, Jinkun Bian, Haozhi Xie, Zhiwei Ma, Hui Dai, Zhan Yang, Xiangyu Ge, Zhenguo ChiRealizing deep-blue multi-resonance thermally activated delayed fluorescence (MR-TADF) emitters that simultaneously offer high efficiency and resistance to aggregation-caused quenching (ACQ) remains formidably challenging, severely limiting their practical application in BT.2020-compliant&#8230;The content of this RSS Feed (c) The Royal Society [&hellip;]<\/div><\/li><li class='wp-block-rss__item'><div class='wp-block-rss__item-title'><a href='http:\/\/pubs.rsc.org\/en\/Content\/ArticleLanding\/2026\/SC\/D6SC01392A'>Mastering the Potential of Well-defined ML 1 L 2 Species in Asymmetric Catalysis through Ligand Immobilization (ML het L hom ). Use in Highly Enantioselective Pd-catalyzed Spiroannulation<\/a><\/div><time datetime=\"2026-05-11T23:00:00-05:00\" class=\"wp-block-rss__item-publish-date\">May 11, 2026<\/time> <span class=\"wp-block-rss__item-author\">by Maria Biosca<\/span><div class=\"wp-block-rss__item-excerpt\">Chem. Sci., 2026, Accepted ManuscriptDOI: 10.1039\/D6SC01392A, Edge Article Open Access &amp;nbsp This article is licensed under a Creative Commons Attribution-NonCommercial 3.0 Unported Licence.Maria Biosca, Pol De La Cruz-S\u00e1nchez, Jorge Faiges, Aitor Maestro, C. Oliver Kappe, S\u00e1ndor B. \u00d6tv\u00f6s, Miquel A. Pericas, Oscar Pamies, Montserrat Di\u00e9guezCatalytic complexes involving different monodentate ligands coordinated to the same metal center offer considerable interest towards the development of new processes and the improvement of the characteristics of known ones&#8230;.The content of this RSS Feed (c) [&hellip;]<\/div><\/li><li class='wp-block-rss__item'><div class='wp-block-rss__item-title'><a href='http:\/\/pubs.rsc.org\/en\/Content\/ArticleLanding\/2026\/SC\/D6SC01986B'>Reversible Ionic Aggregation Kinetics in Concentrated Electrolytes<\/a><\/div><time datetime=\"2026-05-11T23:00:00-05:00\" class=\"wp-block-rss__item-publish-date\">May 11, 2026<\/time> <span class=\"wp-block-rss__item-author\">by Zachary Anthony Holmes Goodwin<\/span><div class=\"wp-block-rss__item-excerpt\">Chem. Sci., 2026, Accepted ManuscriptDOI: 10.1039\/D6SC01986B, Edge Article Open Access &amp;nbsp This article is licensed under a Creative Commons Attribution 3.0 Unported Licence.Zachary Anthony Holmes GoodwinHere we develop a formalism for reversible ionic aggregation kinetics in an example concentrated electrolyte, building on previous equilibrium work of McEldrew and co-workers, and thermoreversible polymers and patchy particle&#8230;The content of this RSS Feed (c) The Royal Society of Chemistry<\/div><\/li><li class='wp-block-rss__item'><div class='wp-block-rss__item-title'><a href='http:\/\/pubs.rsc.org\/en\/Content\/ArticleLanding\/2026\/SC\/D6SC02555B'>Golden Immunity: Gold Complexes as Emerging Triggers of Immunogenic Cell Death<\/a><\/div><time datetime=\"2026-05-11T23:00:00-05:00\" class=\"wp-block-rss__item-publish-date\">May 11, 2026<\/time> <span class=\"wp-block-rss__item-author\">by Marta  Redrado<\/span><div class=\"wp-block-rss__item-excerpt\">Chem. Sci., 2026, Accepted ManuscriptDOI: 10.1039\/D6SC02555B, Perspective Open Access &amp;nbsp This article is licensed under a Creative Commons Attribution-NonCommercial 3.0 Unported Licence.Marta Redrado, M. Concepci\u00f3n GimenoCancer immunotherapy has transformed modern oncology, yet its clinical success remains limited by the intrinsically low immunogenicity of many solid tumours. Immunogenic cell death (ICD) has emerged as a powerful&#8230;The content of this RSS Feed (c) The Royal Society of Chemistry<\/div><\/li><li class='wp-block-rss__item'><div class='wp-block-rss__item-title'><a href='http:\/\/pubs.rsc.org\/en\/Content\/ArticleLanding\/2026\/SC\/D6SC00813E'>Design of a site selective heterochromic bimetallic lanthanide coiled coil with nanometre-scale control<\/a><\/div><time datetime=\"2026-05-11T23:00:00-05:00\" class=\"wp-block-rss__item-publish-date\">May 11, 2026<\/time> <span class=\"wp-block-rss__item-author\">by Louise Slope<\/span><div class=\"wp-block-rss__item-excerpt\">Chem. Sci., 2026, Accepted ManuscriptDOI: 10.1039\/D6SC00813E, Edge Article Open Access &amp;nbsp This article is licensed under a Creative Commons Attribution 3.0 Unported Licence.Louise Slope, Anokhi Shah, Michael Taylor, Valentina Borghesani, Simon Caulton, Nikolas Brooks, Kate Hadley, Georgina Rose, Robert Hunter, Hassane El Mkami, Graham Smith, Aneika Corrine Leney, Niklaas Jan Buurma, Andrew Lovering, Janet E Lovett, Anna PeacockLanthanide-protein scaffolds hold significant promise for the design of functional biomaterials. Yet the selective incorporation of multiple lanthanide ions with distinct properties into [&hellip;]<\/div><\/li><li class='wp-block-rss__item'><div class='wp-block-rss__item-title'><a href='http:\/\/pubs.rsc.org\/en\/Content\/ArticleLanding\/2026\/SC\/D6SC01158F'>Scaling up mechanochemical reactions: linking crystalline phase evolution studied via in situ PXRD with kinetics from MCR-ALS<\/a><\/div><time datetime=\"2026-05-11T23:00:00-05:00\" class=\"wp-block-rss__item-publish-date\">May 11, 2026<\/time> <span class=\"wp-block-rss__item-author\">by Laura Macchietti<\/span><div class=\"wp-block-rss__item-excerpt\">Chem. Sci., 2026, Advance ArticleDOI: 10.1039\/D6SC01158F, Edge Article Open Access &amp;nbsp This article is licensed under a Creative Commons Attribution 3.0 Unported Licence.Laura Macchietti, Maria Carta, Francesco Delogu, Fabrizia Grepioni, Franziska Emmerling, Lucia CasaliThe proposed in situ PXRD\/MCR-ALS platform resolves complex phase evolution and derives kinetic models to advance mechanochemical scale up.To cite this article before page numbers are assigned, use the DOI form of citation above.The content of this RSS Feed (c) The Royal Society of Chemistry<\/div><\/li><li class='wp-block-rss__item'><div class='wp-block-rss__item-title'><a href='http:\/\/pubs.rsc.org\/en\/Content\/ArticleLanding\/2026\/SC\/D6SC03052A'>Stereoselective, Borane-catalysed Synthesis of syn-\u03b2-Hydroxyketones from \u03b1,\u03b2-Unsaturated Ketones<\/a><\/div><time datetime=\"2026-05-11T23:00:00-05:00\" class=\"wp-block-rss__item-publish-date\">May 11, 2026<\/time> <span class=\"wp-block-rss__item-author\">by Julie Macleod<\/span><div class=\"wp-block-rss__item-excerpt\">Chem. Sci., 2026, Accepted ManuscriptDOI: 10.1039\/D6SC03052A, Edge Article Open Access &amp;nbsp This article is licensed under a Creative Commons Attribution 3.0 Unported Licence.Julie Macleod, Alastair Nimmo, Joseph Cockcroft, Paula Dominguez-Molano, Gary Stephen Nichol, Stephen P. ThomasThe reductive aldol reaction is a powerful tool for the regiocontrolled coupling of \u03b1,\u03b2-unsaturated compounds with aldehydes. The use of stoichiometric organoborane reductants has previously been reported. Here these reagents&#8230;The content of this RSS Feed (c) The Royal Society of Chemistry<\/div><\/li><li class='wp-block-rss__item'><div class='wp-block-rss__item-title'><a href='http:\/\/pubs.rsc.org\/en\/Content\/ArticleLanding\/2026\/SC\/D6SC03302D'>Tetraphenylborate-Based Anionic Metal\u2212Organic Framework as an Efficient Single-Ion Conductor for Solid-State Sodium Battery<\/a><\/div><time datetime=\"2026-05-11T23:00:00-05:00\" class=\"wp-block-rss__item-publish-date\">May 11, 2026<\/time> <span class=\"wp-block-rss__item-author\">by Xiaoxin Liu<\/span><div class=\"wp-block-rss__item-excerpt\">Chem. Sci., 2026, Accepted ManuscriptDOI: 10.1039\/D6SC03302D, Edge Article Open Access &amp;nbsp This article is licensed under a Creative Commons Attribution-NonCommercial 3.0 Unported Licence.Xiaoxin Liu, Zhiwei Lu, Qianyi Zhao, Shujun Li, Jie Zhang, Xuenian Chen, Qingchun XiaRechargeable sodium batteries (RSBs) have emerged as a promising contender in the post-lithium electrification era. However, their applications are often complicated by their inherent reactivity with flammable liquid electrolytes, which&#8230;The content of this RSS Feed (c) The Royal Society of Chemistry<\/div><\/li><li class='wp-block-rss__item'><div class='wp-block-rss__item-title'><a href='http:\/\/pubs.rsc.org\/en\/Content\/ArticleLanding\/2026\/SC\/D6SC02228F'>A Unified Cobalt-Electrocatalytic Platform for Enantio- and Stereo-selective C\u2212H and C\u2212F Functionalization of gem-Difluoromethylene Allenes<\/a><\/div><time datetime=\"2026-05-10T23:00:00-05:00\" class=\"wp-block-rss__item-publish-date\">May 10, 2026<\/time> <span class=\"wp-block-rss__item-author\">by Cai Jiating<\/span><div class=\"wp-block-rss__item-excerpt\">Chem. Sci., 2026, Accepted ManuscriptDOI: 10.1039\/D6SC02228F, Edge Article Open Access &amp;nbsp This article is licensed under a Creative Commons Attribution-NonCommercial 3.0 Unported Licence.Cai Jiating, Xinyu Gao, Chuitian Wang, Yang Li, Xiaoxin Tong, Linzai Li, Shi Qin, Mingkai Yang, Qixin Li, Wei Wei, Lei Ma, Mei Wang, Si-Yan Liao, Yugang Huang, Xin Zhao, Shengdong Wang, Zhi Zhou, Hui Gao, Wei Yi, Zhongyi ZengWhile the merger of electrochemistry with enantioselective C\u2212H functionalization has opened new avenues for assembling valuable chiral architectures, the [&hellip;]<\/div><\/li><li class='wp-block-rss__item'><div class='wp-block-rss__item-title'><a href='http:\/\/pubs.rsc.org\/en\/Content\/ArticleLanding\/2026\/SC\/D6SC01614F'>Iron-mediated Reactions of gem-Dihaloalkanes with \u03b1,\u03b2-Unsaturated Carbonyl Compounds<\/a><\/div><time datetime=\"2026-05-10T23:00:00-05:00\" class=\"wp-block-rss__item-publish-date\">May 10, 2026<\/time> <span class=\"wp-block-rss__item-author\">by Guangshen Wang<\/span><div class=\"wp-block-rss__item-excerpt\">Chem. Sci., 2026, Accepted ManuscriptDOI: 10.1039\/D6SC01614F, Edge Article Open Access &amp;nbsp This article is licensed under a Creative Commons Attribution-NonCommercial 3.0 Unported Licence.Guangshen Wang, Jing Yao, Jianwei Liu, Tiantian Zhang, Xue Cheng, Li Li, Man-Yi Han, Baosheng LiThe ability to harness divergent reactivity and selectively dictate product outcomes from simple precursors has been a longstanding challenge in organic chemistry especially in radical chemistry. Herein, we developed a&#8230;The content of this RSS Feed (c) The Royal Society of Chemistry<\/div><\/li><li class='wp-block-rss__item'><div class='wp-block-rss__item-title'><a href='http:\/\/pubs.rsc.org\/en\/Content\/ArticleLanding\/2026\/SC\/D6SC00121A'>Sterically controlled 5-exo-dig cyclization enables synthesis of non-benzenoid polycyclic aromatic hydrocarbons with intriguing (anti)aromaticity and diradical properties<\/a><\/div><time datetime=\"2026-05-10T23:00:00-05:00\" class=\"wp-block-rss__item-publish-date\">May 10, 2026<\/time> <span class=\"wp-block-rss__item-author\">by Liangliang Chen<\/span><div class=\"wp-block-rss__item-excerpt\">Chem. Sci., 2026, Advance ArticleDOI: 10.1039\/D6SC00121A, Edge Article Open Access &amp;nbsp This article is licensed under a Creative Commons Attribution 3.0 Unported Licence.Liangliang Chen, Zhichun Shangguan, Tianyu Shi, Liyuan Qin, Yiyun Zeng, Qingqiu Zhu, Jin Chen, Junhong Liang, Wentao Miao, Yurong He, Xiaosong Qiu, Xunchang Wang, Deqing Zhang, Renqiang YangA modular synthetic strategy based on sterically controlled 5-exo-dig cyclization enables the construction of stable non-benzenoid PAHs featuring indacene, pentalene, and azulene motifs, exhibiting tunable (anti)aromaticity and diradical character.To cite this [&hellip;]<\/div><\/li><li class='wp-block-rss__item'><div class='wp-block-rss__item-title'><a href='http:\/\/pubs.rsc.org\/en\/Content\/ArticleLanding\/2026\/SC\/D5SC09151A'>Artificial recombinant high-density protein nanocarriers for precision drug delivery<\/a><\/div><time datetime=\"2026-05-10T23:00:00-05:00\" class=\"wp-block-rss__item-publish-date\">May 10, 2026<\/time> <span class=\"wp-block-rss__item-author\">by Wenpan Li<\/span><div class=\"wp-block-rss__item-excerpt\">Chem. Sci., 2026, Advance ArticleDOI: 10.1039\/D5SC09151A, Review Article Open Access &amp;nbsp This article is licensed under a Creative Commons Attribution-NonCommercial 3.0 Unported Licence.Wenpan Li, Nan Jia, Mengwen Li, Yanhao Jiang, Jianqin LuChemically programmable reconstituted HDL nanocarriers for drug delivery.To cite this article before page numbers are assigned, use the DOI form of citation above.The content of this RSS Feed (c) The Royal Society of Chemistry<\/div><\/li><li class='wp-block-rss__item'><div class='wp-block-rss__item-title'><a href='http:\/\/pubs.rsc.org\/en\/Content\/ArticleLanding\/2026\/SC\/D6SC00259E'>Electron transfer from singlet fission dimers: possibilities and limitations<\/a><\/div><time datetime=\"2026-05-10T23:00:00-05:00\" class=\"wp-block-rss__item-publish-date\">May 10, 2026<\/time> <span class=\"wp-block-rss__item-author\">by Sree Chithra<\/span><div class=\"wp-block-rss__item-excerpt\">Chem. Sci., 2026, Accepted ManuscriptDOI: 10.1039\/D6SC00259E, Edge Article Open Access &amp;nbsp This article is licensed under a Creative Commons Attribution 3.0 Unported Licence.Sree Chithra, Corentin Pigot, Claire Tonnel\u00e9, Ashley J Redman, Sabine Richert, David Casanova, Victor GrayPhotocatalytic production of H2 or hydrocarbons requires multiple electrons, and therefore the absorption of multiple photons and accumulation of photoexcited charges. Alternatively, multiexciton generation (MEG) could loosen this requirement. Despite&#8230;The content of this RSS Feed (c) The Royal Society of Chemistry<\/div><\/li><li class='wp-block-rss__item'><div class='wp-block-rss__item-title'><a href='http:\/\/pubs.rsc.org\/en\/Content\/ArticleLanding\/2026\/SC\/D6SC00960C'>Recent progress on Ni-catalysed alkyl-alkyl cross-coupling enabled by asymmetric hydrofunctionalization of alkenes<\/a><\/div><time datetime=\"2026-05-10T23:00:00-05:00\" class=\"wp-block-rss__item-publish-date\">May 10, 2026<\/time> <span class=\"wp-block-rss__item-author\">by Jiao He<\/span><div class=\"wp-block-rss__item-excerpt\">Chem. Sci., 2026, Accepted ManuscriptDOI: 10.1039\/D6SC00960C, Review Article Open Access &amp;nbsp This article is licensed under a Creative Commons Attribution-NonCommercial 3.0 Unported Licence.Jiao He, Perla Bharath Kumar, Yu-Long Li, Qiong Yu, Wei ShuThe construction of saturated stereogenic centers, which are of significance in cutting-edge fields such as pharmaceutical research and materials science, represents a fundamental objective in organic synthetic chemistry. In this&#8230;The content of this RSS Feed (c) The Royal Society of Chemistry<\/div><\/li><li class='wp-block-rss__item'><div class='wp-block-rss__item-title'><a href='http:\/\/pubs.rsc.org\/en\/Content\/ArticleLanding\/2026\/SC\/D6SC01540A'>Air-tolerant solar reforming of pre-treated biomass and plastics in viscous sustainable solvents<\/a><\/div><time datetime=\"2026-05-10T23:00:00-05:00\" class=\"wp-block-rss__item-publish-date\">May 10, 2026<\/time> <span class=\"wp-block-rss__item-author\">by Dongseok Kim<\/span><div class=\"wp-block-rss__item-excerpt\">Chem. Sci., 2026, Accepted ManuscriptDOI: 10.1039\/D6SC01540A, Edge Article Open Access &amp;nbsp This article is licensed under a Creative Commons Attribution 3.0 Unported Licence.Dongseok Kim, Papa K. Kwarteng, Erwin ReisnerWe report an air-tolerant solar reforming (SR) system for the valorisation of pre-treated biomass and plastic waste streams. This process operates in low O2-diffusivity solvents such as the robust deep&#8230;The content of this RSS Feed (c) The Royal Society of Chemistry<\/div><\/li><li class='wp-block-rss__item'><div class='wp-block-rss__item-title'><a href='http:\/\/pubs.rsc.org\/en\/Content\/ArticleLanding\/2026\/SC\/D5SC09327A'>Inducing a chiral twist in achiral porphyrins: tailoring molecular interactions for circularly polarized luminescence from chiral microflowers<\/a><\/div><time datetime=\"2026-05-07T23:00:00-05:00\" class=\"wp-block-rss__item-publish-date\">May 7, 2026<\/time> <span class=\"wp-block-rss__item-author\">by Arunima Cheran<\/span><div class=\"wp-block-rss__item-excerpt\">Chem. Sci., 2026, Advance ArticleDOI: 10.1039\/D5SC09327A, Edge Article Open Access &amp;nbsp This article is licensed under a Creative Commons Attribution 3.0 Unported Licence.Arunima Cheran, Betsy Marydasan, Saikat Das, Hrishikesan Kalpakassery Pattam, Jatish KumarA facile and novel strategy for induction of chirality in achiral porphyrins through the synergistic use of chiral mandelic acid and Zn(II) ions is reported. The nanostructures exhibit chiral luminescence in both solution and solid states.To cite this article before page numbers are assigned, use the DOI form [&hellip;]<\/div><\/li><li class='wp-block-rss__item'><div class='wp-block-rss__item-title'><a href='http:\/\/pubs.rsc.org\/en\/Content\/ArticleLanding\/2026\/SC\/D6SC01804A'>Unravelling Intrinsic Thermal Conduction Mechanism through Phonon Transport Pathway Engineering of Long-Range Ordered Block Copolymers<\/a><\/div><time datetime=\"2026-05-07T23:00:00-05:00\" class=\"wp-block-rss__item-publish-date\">May 7, 2026<\/time> <span class=\"wp-block-rss__item-author\">by Kuan Zhang<\/span><div class=\"wp-block-rss__item-excerpt\">Chem. Sci., 2026, Accepted ManuscriptDOI: 10.1039\/D6SC01804A, Edge Article Open Access &amp;nbsp This article is licensed under a Creative Commons Attribution-NonCommercial 3.0 Unported Licence.Kuan Zhang, Junliang Zhang, Jiahao An, Junwei GuHighly thermally conductive polymers are playing essential roles in various electronics-related fields. However, the mechanism underlying thermal conduction remains hitherto elusive. Herein, the intrinsic thermal conduction mechanism of polymers was&#8230;The content of this RSS Feed (c) The Royal Society of Chemistry<\/div><\/li><li class='wp-block-rss__item'><div class='wp-block-rss__item-title'><a href='http:\/\/pubs.rsc.org\/en\/Content\/ArticleLanding\/2026\/SC\/D6SC00660D'>Total and Engineered Biosynthesis of Cinatrins: Inhibitors of Phospholipase A2 and Squalene Synthase<\/a><\/div><time datetime=\"2026-05-07T23:00:00-05:00\" class=\"wp-block-rss__item-publish-date\">May 7, 2026<\/time> <span class=\"wp-block-rss__item-author\">by Henrike Heinemann<\/span><div class=\"wp-block-rss__item-excerpt\">Chem. Sci., 2026, Accepted ManuscriptDOI: 10.1039\/D6SC00660D, Edge Article Open Access &amp;nbsp This article is licensed under a Creative Commons Attribution 3.0 Unported Licence.Henrike Heinemann, Nick Gerlach, Eric Kuhnert, Jennifer Gerke, Bart Verwaaijen, Jorn Kalinowski, Marc Stadler, Russell CoxAn alkyl citrate biosynthetic gene cluster (ctr) was identified from 47 members of the fungal family of Hypoxylaceae by genome mining. The Hypomontagnella monticulosa MUCL 54604 ctr cluster was deployed&#8230;The content of this RSS Feed (c) The Royal Society of Chemistry<\/div><\/li><\/ul>\n\n\n<hr class=\"wp-block-separator has-alpha-channel-opacity is-style-wide\"\/>\n\n\n\n<h4 class=\"wp-block-heading\">Related Journals<\/h4>\n\n\n<ul class=\"su-siblings\"><li class=\"page_item page-item-2806\"><a href=\"https:\/\/kermitmurray.com\/msblog\/links\/journal-feeds\/biochemistry-journal-feeds\/biochemistry\/\">Biochemistry<\/a><\/li>\n<li class=\"page_item page-item-1465\"><a href=\"https:\/\/kermitmurray.com\/msblog\/links\/journal-feeds\/biochemistry-journal-feeds\/biochimica-et-biophysica-acta\/\">Biochimica et Biophysica Acta &#8211; Proteins and Proteomics<\/a><\/li>\n<li class=\"page_item page-item-2808\"><a href=\"https:\/\/kermitmurray.com\/msblog\/links\/journal-feeds\/biochemistry-journal-feeds\/biomedical-chromatography\/\">Biomedical Chromatography<\/a><\/li>\n<li class=\"page_item page-item-3087 page_item_has_children\"><a href=\"https:\/\/kermitmurray.com\/msblog\/links\/journal-feeds\/biochemistry-journal-feeds\/biorxiv\/\">bioRxiv<\/a><\/li>\n<li class=\"page_item page-item-1467\"><a href=\"https:\/\/kermitmurray.com\/msblog\/links\/journal-feeds\/biochemistry-journal-feeds\/cell\/\">Cell<\/a><\/li>\n<li class=\"page_item page-item-1485\"><a href=\"https:\/\/kermitmurray.com\/msblog\/links\/journal-feeds\/biochemistry-journal-feeds\/chemical-research-in-toxicology\/\">Chemical Research in Toxicology<\/a><\/li>\n<li class=\"page_item page-item-1489\"><a href=\"https:\/\/kermitmurray.com\/msblog\/links\/journal-feeds\/biochemistry-journal-feeds\/clinical-proteomics\/\">Clinical Proteomics<\/a><\/li>\n<li class=\"page_item page-item-1492\"><a href=\"https:\/\/kermitmurray.com\/msblog\/links\/journal-feeds\/biochemistry-journal-feeds\/current-opinion-in-biotechnology\/\">Current Opinion in Biotechnology<\/a><\/li>\n<li class=\"page_item page-item-2843\"><a href=\"https:\/\/kermitmurray.com\/msblog\/links\/journal-feeds\/biochemistry-journal-feeds\/journal-of-proteome-research\/\">Journal of Proteome Research<\/a><\/li>\n<\/ul>\n","protected":false},"excerpt":{"rendered":"<p>Related Journals<\/p>\n","protected":false},"author":1,"featured_media":2652,"parent":1524,"menu_order":0,"comment_status":"closed","ping_status":"closed","template":"","meta":{"footnotes":"","_links_to":"","_links_to_target":""},"class_list":["post-2814","page","type-page","status-publish","has-post-thumbnail","hentry","entry"],"_links":{"self":[{"href":"https:\/\/kermitmurray.com\/msblog\/wp-json\/wp\/v2\/pages\/2814","targetHints":{"allow":["GET"]}}],"collection":[{"href":"https:\/\/kermitmurray.com\/msblog\/wp-json\/wp\/v2\/pages"}],"about":[{"href":"https:\/\/kermitmurray.com\/msblog\/wp-json\/wp\/v2\/types\/page"}],"author":[{"embeddable":true,"href":"https:\/\/kermitmurray.com\/msblog\/wp-json\/wp\/v2\/users\/1"}],"replies":[{"embeddable":true,"href":"https:\/\/kermitmurray.com\/msblog\/wp-json\/wp\/v2\/comments?post=2814"}],"version-history":[{"count":3,"href":"https:\/\/kermitmurray.com\/msblog\/wp-json\/wp\/v2\/pages\/2814\/revisions"}],"predecessor-version":[{"id":2817,"href":"https:\/\/kermitmurray.com\/msblog\/wp-json\/wp\/v2\/pages\/2814\/revisions\/2817"}],"up":[{"embeddable":true,"href":"https:\/\/kermitmurray.com\/msblog\/wp-json\/wp\/v2\/pages\/1524"}],"wp:featuredmedia":[{"embeddable":true,"href":"https:\/\/kermitmurray.com\/msblog\/wp-json\/wp\/v2\/media\/2652"}],"wp:attachment":[{"href":"https:\/\/kermitmurray.com\/msblog\/wp-json\/wp\/v2\/media?parent=2814"}],"curies":[{"name":"wp","href":"https:\/\/api.w.org\/{rel}","templated":true}]}}