{"id":1494,"date":"2017-07-21T15:27:25","date_gmt":"2017-07-21T20:27:25","guid":{"rendered":"http:\/\/mass-spec.lsu.edu\/blog\/?page_id=1494"},"modified":"2022-12-24T17:13:37","modified_gmt":"2022-12-24T23:13:37","slug":"electrophoresis","status":"publish","type":"page","link":"https:\/\/kermitmurray.com\/msblog\/links\/journal-feeds\/analytical-journal-feeds\/electrophoresis\/","title":{"rendered":"Electrophoresis"},"content":{"rendered":"\n<div class=\"wp-block-caxton-grid relative\"><div class=\"absolute absolute--fill\"><div class=\"absolute absolute--fill cover bg-center\" style=\"background-color:;background-image:linear-gradient( );\"><\/div><div class=\"absolute absolute--fill\" style=\"background-color:;background-image:linear-gradient( );opacity:1;\"><\/div><\/div><div class=\"relative caxton-columns caxton-grid-block\" style=\"padding-top:0;padding-left:0;padding-bottom:0;padding-right:0;grid-template-columns:repeat(12, 1fr)\" data-tablet-css=\"padding-left:em;padding-right:em;\" data-mobile-css=\"padding-left:em;padding-right:em;\">\n<div class=\"wp-block-caxton-section relative\" style=\"grid-area:span 1\/span 8\"><div class=\"absolute absolute--fill\"><div class=\"absolute absolute--fill cover bg-center\" style=\"background-color:;background-image:linear-gradient( );\"><\/div><div class=\"absolute absolute--fill\" style=\"background-color:;background-image:linear-gradient( );opacity:1;\"><\/div><\/div><div class=\"relative caxton-section-block\" style=\"padding-top:5px;padding-left:5px;padding-bottom:5px;padding-right:5px\" data-mobile-css=\"padding-left:1em;padding-right:1em;\" data-tablet-css=\"padding-left:1em;padding-right:1em;\">\n<p class=\"has-text-align-center\"><strong><a href=\"https:\/\/onlinelibrary.wiley.com\/journal\/15222683\">Journal Home<\/a><\/strong><\/p>\n<\/div><\/div>\n\n\n\n<div class=\"wp-block-caxton-section relative\" style=\"grid-area:span 1\/span 4\"><div class=\"absolute absolute--fill\"><div class=\"absolute absolute--fill cover bg-center\" style=\"background-color:;background-image:linear-gradient( );\"><\/div><div class=\"absolute absolute--fill\" style=\"background-color:;background-image:linear-gradient( );opacity:1;\"><\/div><\/div><div class=\"relative caxton-section-block\" style=\"padding-top:5px;padding-left:5px;padding-bottom:5px;padding-right:5px\" data-mobile-css=\"padding-left:1em;padding-right:1em;\" data-tablet-css=\"padding-left:1em;padding-right:1em;\">\n<p class=\"has-text-align-center\"><a href=\"http:\/\/onlinelibrary.wiley.com\/rss\/journal\/10.1002\/(ISSN)1522-2683\">RSS<\/a><\/p>\n<\/div><\/div>\n<\/div><\/div>\n\n\n\n<div class=\"wp-block-caxton-grid relative\"><div class=\"absolute absolute--fill\"><div class=\"absolute absolute--fill cover bg-center\" style=\"background-color:;background-image:linear-gradient( );\"><\/div><div class=\"absolute absolute--fill\" style=\"background-color:;background-image:linear-gradient( );opacity:1;\"><\/div><\/div><div class=\"relative caxton-columns caxton-grid-block\" style=\"padding-top:0;padding-left:0;padding-bottom:0;padding-right:0;grid-template-columns:repeat(12, 1fr)\" data-tablet-css=\"padding-left:em;padding-right:em;\" data-mobile-css=\"padding-left:em;padding-right:em;\">\n<div class=\"wp-block-caxton-section relative\" style=\"grid-area:span 1\/span 12\"><div class=\"absolute absolute--fill\"><div class=\"absolute absolute--fill cover bg-center\" style=\"background-color:;background-image:linear-gradient( );\"><\/div><div class=\"absolute absolute--fill\" style=\"background-color:;background-image:linear-gradient( );opacity:1;\"><\/div><\/div><div class=\"relative caxton-section-block\" style=\"padding-top:5px;padding-left:5px;padding-bottom:5px;padding-right:5px\" data-mobile-css=\"padding-left:1em;padding-right:1em;\" data-tablet-css=\"padding-left:1em;padding-right:1em;\"><ul class=\"has-dates has-authors has-excerpts wp-block-rss\"><li class='wp-block-rss__item'><div class='wp-block-rss__item-title'><a href='https:\/\/analyticalsciencejournals.onlinelibrary.wiley.com\/doi\/10.1002\/elps.70097?af=R'>Production and Purification of Mesenchymal Stem Cell\u2010Derived Extracellular Vesicles Using Preferential Exclusion Chromatography<\/a><\/div><time datetime=\"2026-04-20T11:06:39-05:00\" class=\"wp-block-rss__item-publish-date\">April 20, 2026<\/time> <span class=\"wp-block-rss__item-author\">by Katja Vrabec, \nAndrej Raspor, \nDarja Bo\u017ei\u010d, \nNastja Bizjak Ternik, \nAna \u017deleznik, \nValentina Novak, \nIvana Petrovi\u0107 Koshmak, \nMaja Leskovec, \nAle\u0161 \u0160trancar<\/span><div class=\"wp-block-rss__item-excerpt\">ELECTROPHORESIS, EarlyView.<\/div><\/li><li class='wp-block-rss__item'><div class='wp-block-rss__item-title'><a href='https:\/\/analyticalsciencejournals.onlinelibrary.wiley.com\/doi\/10.1002\/elps.70082?af=R'>Integrated Genetic Profiling for Cattle Parentage Testing via Next\u2010Generation Sequencing<\/a><\/div><time datetime=\"2026-04-16T07:00:00-05:00\" class=\"wp-block-rss__item-publish-date\">April 16, 2026<\/time> <span class=\"wp-block-rss__item-author\">by Jiaojiao Geng, \nJiajun Liu, \nZhentang Liu, \nZhiyong Liu, \nChaobo Bao, \nXiaohui Yan, \nXiaoyue Wang, \nZhanze Wu, \nHongyu Sun, \nRiga Wu<\/span><div class=\"wp-block-rss__item-excerpt\">ELECTROPHORESIS, Volume 47, Issue 4, Page 339-352, April 2026.<\/div><\/li><li class='wp-block-rss__item'><div class='wp-block-rss__item-title'><a href='https:\/\/analyticalsciencejournals.onlinelibrary.wiley.com\/doi\/10.1002\/elps.70078?af=R'>Metabolomic Signatures of Spontaneous Isolated Superior Mesenteric Artery Dissection: Indole Derivatives and Lysophospholipids as Novel Biomarkers<\/a><\/div><time datetime=\"2026-04-16T07:00:00-05:00\" class=\"wp-block-rss__item-publish-date\">April 16, 2026<\/time> <span class=\"wp-block-rss__item-author\">by Lei Ji, \nXun Wang, \nYangyan He, \nZiheng Wu, \nDonglin Li, \nHongkun Zhang<\/span><div class=\"wp-block-rss__item-excerpt\">ELECTROPHORESIS, Volume 47, Issue 4, Page 328-338, April 2026.<\/div><\/li><li class='wp-block-rss__item'><div class='wp-block-rss__item-title'><a href='https:\/\/analyticalsciencejournals.onlinelibrary.wiley.com\/doi\/10.1002\/elps.70080?af=R'>Matrilineal Genetic Analysis of Tibeto\u2010Burman\u2010Speaking Populations in Guizhou<\/a><\/div><time datetime=\"2026-04-16T07:00:00-05:00\" class=\"wp-block-rss__item-publish-date\">April 16, 2026<\/time> <span class=\"wp-block-rss__item-author\">by Shuaiji Pan, \nYuhang Feng, \nLi Chen, \nLin Wang, \nCuiyun Le, \nHongling Zhang, \nXiaoye Jin, \nQiyan Wang, \nYubo Liu, \nMeiqing Yang, \nWen Wan, \nJiang Huang, \nZheng Ren<\/span><div class=\"wp-block-rss__item-excerpt\">ELECTROPHORESIS, Volume 47, Issue 4, Page 353-368, April 2026.<\/div><\/li><li class='wp-block-rss__item'><div class='wp-block-rss__item-title'><a href='https:\/\/analyticalsciencejournals.onlinelibrary.wiley.com\/doi\/10.1002\/elps.70077?af=R'>Improvement of Peak Integration in Capillary Electrophoresis: Reference Data Set No. 1<\/a><\/div><time datetime=\"2026-04-16T07:00:00-05:00\" class=\"wp-block-rss__item-publish-date\">April 16, 2026<\/time> <span class=\"wp-block-rss__item-author\">by Marlon Krompholz, \nTimothy Blanc, \nHuixin Lu, \nPatricia Christensen, \nFr\u00e9d\u00e9ric Ginot, \nG\u00e1bor J\u00e1rv\u00e1s, \nTrang D. Nguyen, \nAshley Prout, \nTimothy Riehlman, \nBrian Wei, \nAndrei Hutanu, \nSteffen Kiessig, \nKnut Baumann, \nCari E. S\u00e4nger\u2010van de Griend, \nHermann W\u00e4tzig<\/span><div class=\"wp-block-rss__item-excerpt\">ELECTROPHORESIS, Volume 47, Issue 4, Page 276-294, April 2026.<\/div><\/li><li class='wp-block-rss__item'><div class='wp-block-rss__item-title'><a href='https:\/\/analyticalsciencejournals.onlinelibrary.wiley.com\/doi\/10.1002\/elps.70084?af=R'>Sensitive Analysis of Topoisomers of Large Plasmid DNA by Capillary Gel Electrophoresis With Laser\u2010Induced Fluorescence in Uncoated Capillary<\/a><\/div><time datetime=\"2026-04-16T07:00:00-05:00\" class=\"wp-block-rss__item-publish-date\">April 16, 2026<\/time> <span class=\"wp-block-rss__item-author\">by Yan He, \nJohn Orlet, \nOlivia Cunio, \nThomas F Lerch, \nNathan A. Lacher<\/span><div class=\"wp-block-rss__item-excerpt\">ELECTROPHORESIS, Volume 47, Issue 4, Page 320-327, April 2026.<\/div><\/li><li class='wp-block-rss__item'><div class='wp-block-rss__item-title'><a href='https:\/\/analyticalsciencejournals.onlinelibrary.wiley.com\/doi\/10.1002\/elps.70083?af=R'>Capillary Zone Electrophoresis for the Analysis of Phenolic Preservatives in Plasma and Insulin Formulations Using Salting\u2010Out Assisted Liquid\u2013Liquid Extraction<\/a><\/div><time datetime=\"2026-04-16T07:00:00-05:00\" class=\"wp-block-rss__item-publish-date\">April 16, 2026<\/time> <span class=\"wp-block-rss__item-author\">by Meriem Dadouch, \nYoann Ladner, \nCatherine Perrin<\/span><div class=\"wp-block-rss__item-excerpt\">ELECTROPHORESIS, Volume 47, Issue 4, Page 308-319, April 2026.<\/div><\/li><li class='wp-block-rss__item'><div class='wp-block-rss__item-title'><a href='https:\/\/analyticalsciencejournals.onlinelibrary.wiley.com\/doi\/10.1002\/elps.70081?af=R'>Capillary Electrophoresis With Contactless Conductivity Detection for Pharmaceutical Analysis: A Comprehensive Review<\/a><\/div><time datetime=\"2026-04-16T07:00:00-05:00\" class=\"wp-block-rss__item-publish-date\">April 16, 2026<\/time> <span class=\"wp-block-rss__item-author\">by Abdalla A. Elbashir, \nMei Musa Ali Omar<\/span><div class=\"wp-block-rss__item-excerpt\">ELECTROPHORESIS, Volume 47, Issue 4, Page 295-307, April 2026.<\/div><\/li><li class='wp-block-rss__item'><div class='wp-block-rss__item-title'><a href='https:\/\/analyticalsciencejournals.onlinelibrary.wiley.com\/doi\/10.1002\/elps.70095?af=R'>Editorial Board: Electrophoresis 4&#039;26<\/a><\/div><time datetime=\"2026-04-16T07:00:00-05:00\" class=\"wp-block-rss__item-publish-date\">April 16, 2026<\/time> <div class=\"wp-block-rss__item-excerpt\">ELECTROPHORESIS, Volume 47, Issue 4, Page 273-275, April 2026.<\/div><\/li><li class='wp-block-rss__item'><div class='wp-block-rss__item-title'><a href='https:\/\/analyticalsciencejournals.onlinelibrary.wiley.com\/doi\/10.1002\/elps.70096?af=R'>A Comprehensive Numerical Analysis of Dielectric\u2010Patterned Hybrid Induced\u2010Charge Electrokinetics for On\u2010Chip Nanoparticle Enrichment<\/a><\/div><time datetime=\"2026-04-15T05:36:29-05:00\" class=\"wp-block-rss__item-publish-date\">April 15, 2026<\/time> <span class=\"wp-block-rss__item-author\">by Miao Fang, \nYe Tao, \nYifan Chen, \nJingyi Yang, \nWen Cao, \nWenhui Hou, \nKang Xiangli, \nWeiyu Liu<\/span><div class=\"wp-block-rss__item-excerpt\">ELECTROPHORESIS, EarlyView.<\/div><\/li><\/ul><\/div><\/div>\n<\/div><\/div>\n\n\n\n<hr class=\"wp-block-separator has-alpha-channel-opacity is-style-wide\"\/>\n\n\n\n<h4 class=\"wp-block-heading\">Related Feeds<\/h4>\n\n\n<ul class=\"su-siblings\"><li class=\"page_item page-item-1434\"><a href=\"https:\/\/kermitmurray.com\/msblog\/links\/journal-feeds\/analytical-journal-feeds\/analyst-feed\/\">Analyst<\/a><\/li>\n<li class=\"page_item page-item-1447\"><a href=\"https:\/\/kermitmurray.com\/msblog\/links\/journal-feeds\/analytical-journal-feeds\/analytica-chimica-acta\/\">Analytica Chimica Acta<\/a><\/li>\n<li class=\"page_item page-item-1451\"><a href=\"https:\/\/kermitmurray.com\/msblog\/links\/journal-feeds\/analytical-journal-feeds\/analytical-and-bioanalytical-chemistry\/\">Analytical and Bioanalytical Chemistry<\/a><\/li>\n<li class=\"page_item page-item-1456\"><a href=\"https:\/\/kermitmurray.com\/msblog\/links\/journal-feeds\/analytical-journal-feeds\/analytical-chemistry\/\">Analytical Chemistry<\/a><\/li>\n<li class=\"page_item page-item-1458\"><a href=\"https:\/\/kermitmurray.com\/msblog\/links\/journal-feeds\/analytical-journal-feeds\/analytical-chemistry-podcast\/\">Analytical Chemistry Podcast<\/a><\/li>\n<li class=\"page_item page-item-1440\"><a href=\"https:\/\/kermitmurray.com\/msblog\/links\/journal-feeds\/analytical-journal-feeds\/analytical-methods-feed\/\">Analytical Methods<\/a><\/li>\n<li class=\"page_item page-item-2836\"><a href=\"https:\/\/kermitmurray.com\/msblog\/links\/journal-feeds\/analytical-journal-feeds\/forensic-science-international\/\">Forensic Science International<\/a><\/li>\n<li class=\"page_item page-item-2112\"><a href=\"https:\/\/kermitmurray.com\/msblog\/links\/journal-feeds\/analytical-journal-feeds\/journal-of-separation-science\/\">Journal of Separation Science<\/a><\/li>\n<\/ul>\n","protected":false},"excerpt":{"rendered":"<p>Related Feeds<\/p>\n","protected":false},"author":1,"featured_media":2653,"parent":1517,"menu_order":0,"comment_status":"closed","ping_status":"closed","template":"","meta":{"footnotes":"","_links_to":"","_links_to_target":""},"class_list":["post-1494","page","type-page","status-publish","has-post-thumbnail","hentry","entry"],"_links":{"self":[{"href":"https:\/\/kermitmurray.com\/msblog\/wp-json\/wp\/v2\/pages\/1494","targetHints":{"allow":["GET"]}}],"collection":[{"href":"https:\/\/kermitmurray.com\/msblog\/wp-json\/wp\/v2\/pages"}],"about":[{"href":"https:\/\/kermitmurray.com\/msblog\/wp-json\/wp\/v2\/types\/page"}],"author":[{"embeddable":true,"href":"https:\/\/kermitmurray.com\/msblog\/wp-json\/wp\/v2\/users\/1"}],"replies":[{"embeddable":true,"href":"https:\/\/kermitmurray.com\/msblog\/wp-json\/wp\/v2\/comments?post=1494"}],"version-history":[{"count":4,"href":"https:\/\/kermitmurray.com\/msblog\/wp-json\/wp\/v2\/pages\/1494\/revisions"}],"predecessor-version":[{"id":2731,"href":"https:\/\/kermitmurray.com\/msblog\/wp-json\/wp\/v2\/pages\/1494\/revisions\/2731"}],"up":[{"embeddable":true,"href":"https:\/\/kermitmurray.com\/msblog\/wp-json\/wp\/v2\/pages\/1517"}],"wp:featuredmedia":[{"embeddable":true,"href":"https:\/\/kermitmurray.com\/msblog\/wp-json\/wp\/v2\/media\/2653"}],"wp:attachment":[{"href":"https:\/\/kermitmurray.com\/msblog\/wp-json\/wp\/v2\/media?parent=1494"}],"curies":[{"name":"wp","href":"https:\/\/api.w.org\/{rel}","templated":true}]}}