{"id":1492,"date":"2017-07-21T15:23:40","date_gmt":"2017-07-21T20:23:40","guid":{"rendered":"http:\/\/mass-spec.lsu.edu\/blog\/?page_id=1492"},"modified":"2017-07-21T21:52:40","modified_gmt":"2017-07-22T02:52:40","slug":"current-opinion-in-biotechnology","status":"publish","type":"page","link":"https:\/\/kermitmurray.com\/msblog\/links\/journal-feeds\/biochemistry-journal-feeds\/current-opinion-in-biotechnology\/","title":{"rendered":"Current Opinion in Biotechnology"},"content":{"rendered":"<ul class=\"su-feed\"><li><a href=\"https:\/\/www.sciencedirect.com\/science\/article\/pii\/S0958166926000455?dgcid=rss_sd_all\" target=\"_self\" title=\"&lt;p&gt;Publication date: June 2026&lt;\/p&gt;&lt;p&gt;&lt;b&gt;Source:&lt;\/b&gt; Current Opinion in Biotechnology, Volume 99&lt;\/p&gt;&lt;p&gt;Author(s): Jens C Frisvad, Jan Lehmbeck, Javier S\u00e1ez-S\u00e1ez, Birgitte Andersen, Jos\u00e9 Arnau&lt;\/p&gt;\">Evolution at the speed of fermentation<\/a><\/li><li><a href=\"https:\/\/www.sciencedirect.com\/science\/article\/pii\/S0958166926000388?dgcid=rss_sd_all\" target=\"_self\" title=\"&lt;p&gt;Publication date: June 2026&lt;\/p&gt;&lt;p&gt;&lt;b&gt;Source:&lt;\/b&gt; Current Opinion in Biotechnology, Volume 99&lt;\/p&gt;&lt;p&gt;Author(s): Wei Jiang, Sung Gyung Lee, Hal S Alper, Irina Borodina&lt;\/p&gt;\">Engineering the yeast &lt;em&gt;Yarrowia lipolytica&lt;\/em&gt; for biomanufacturing<\/a><\/li><li><a href=\"https:\/\/www.sciencedirect.com\/science\/article\/pii\/S095816692600039X?dgcid=rss_sd_all\" target=\"_self\" title=\"&lt;p&gt;Publication date: June 2026&lt;\/p&gt;&lt;p&gt;&lt;b&gt;Source:&lt;\/b&gt; Current Opinion in Biotechnology, Volume 99&lt;\/p&gt;&lt;p&gt;Author(s): Sonja Blasche, Simone Mozzachiodi, Indra Roux, Kiran R Patil&lt;\/p&gt;\">Non-model microbes and microbial communities: opportunities for biotechnology<\/a><\/li><li><a href=\"https:\/\/www.sciencedirect.com\/science\/article\/pii\/S0958166926000601?dgcid=rss_sd_all\" target=\"_self\" title=\"&lt;p&gt;Publication date: June 2026&lt;\/p&gt;&lt;p&gt;&lt;b&gt;Source:&lt;\/b&gt; Current Opinion in Biotechnology, Volume 99&lt;\/p&gt;&lt;p&gt;Author(s): Chenwen Liu, Yue Xu, Bo Lv, Lei Qin, Chun Li&lt;\/p&gt;\">Biosynthesis of advanced biofuels in microbial cell factories<\/a><\/li><li><a href=\"https:\/\/www.sciencedirect.com\/science\/article\/pii\/S0958166926000571?dgcid=rss_sd_all\" target=\"_self\" title=\"&lt;p&gt;Publication date: June 2026&lt;\/p&gt;&lt;p&gt;&lt;b&gt;Source:&lt;\/b&gt; Current Opinion in Biotechnology, Volume 99&lt;\/p&gt;&lt;p&gt;Author(s): Xinyue Liu, Haotian Zhai, Guohao Cai, Jens Nielsen, Jin Hou&lt;\/p&gt;\">Advances in synthetic microbial consortia for improved production of biochemicals and biofuels<\/a><\/li><li><a href=\"https:\/\/www.sciencedirect.com\/science\/article\/pii\/S0958166926000443?dgcid=rss_sd_all\" target=\"_self\" title=\"&lt;p&gt;Publication date: June 2026&lt;\/p&gt;&lt;p&gt;&lt;b&gt;Source:&lt;\/b&gt; Current Opinion in Biotechnology, Volume 99&lt;\/p&gt;&lt;p&gt;Author(s): Jie Zhang, Na Li, Hong-Yu Chen, Bing-Zhi Li, Zhi-Hua Liu&lt;\/p&gt;\">Systems-level regulation principles for microbial lignin valorization<\/a><\/li><li><a href=\"https:\/\/www.sciencedirect.com\/science\/article\/pii\/S0958166926000376?dgcid=rss_sd_all\" target=\"_self\" title=\"&lt;p&gt;Publication date: June 2026&lt;\/p&gt;&lt;p&gt;&lt;b&gt;Source:&lt;\/b&gt; Current Opinion in Biotechnology, Volume 99&lt;\/p&gt;&lt;p&gt;Author(s): Jina Park, Yeonghwan Yun, Sang Yup Lee&lt;\/p&gt;\">Metabolic engineering of microorganisms for the production of fatty acid-derived biofuels<\/a><\/li><li><a href=\"https:\/\/www.sciencedirect.com\/science\/article\/pii\/S095816692600042X?dgcid=rss_sd_all\" target=\"_self\" title=\"&lt;p&gt;Publication date: June 2026&lt;\/p&gt;&lt;p&gt;&lt;b&gt;Source:&lt;\/b&gt; Current Opinion in Biotechnology, Volume 99&lt;\/p&gt;&lt;p&gt;Author(s): Yuchen Zhang, Hiroaki Suga&lt;\/p&gt;\">Discovery of &lt;em&gt;de novo&lt;\/em&gt; peptides by mRNA and RaPID displays with post-translational modification methods<\/a><\/li><li><a href=\"https:\/\/www.sciencedirect.com\/science\/article\/pii\/S0958166926000406?dgcid=rss_sd_all\" target=\"_self\" title=\"&lt;p&gt;Publication date: June 2026&lt;\/p&gt;&lt;p&gt;&lt;b&gt;Source:&lt;\/b&gt; Current Opinion in Biotechnology, Volume 99&lt;\/p&gt;&lt;p&gt;Author(s): Chuyi Zheng, Fang He, Min Huang, Tian Ma&lt;\/p&gt;\">Spatial enzyme assembly for microbial pharmaceutical synthesis<\/a><\/li><li><a href=\"https:\/\/www.sciencedirect.com\/science\/article\/pii\/S0958166926000418?dgcid=rss_sd_all\" target=\"_self\" title=\"&lt;p&gt;Publication date: June 2026&lt;\/p&gt;&lt;p&gt;&lt;b&gt;Source:&lt;\/b&gt; Current Opinion in Biotechnology, Volume 99&lt;\/p&gt;&lt;p&gt;Author(s): Guangzheng Wei, Wenya Tian, Yeqing Du, Xudong Qu&lt;\/p&gt;\">Cytochrome P450-mediated structural diversification of diketopiperazine alkaloids<\/a><\/li><li><a href=\"https:\/\/www.sciencedirect.com\/science\/article\/pii\/S0958166926000352?dgcid=rss_sd_all\" target=\"_self\" title=\"&lt;p&gt;Publication date: June 2026&lt;\/p&gt;&lt;p&gt;&lt;b&gt;Source:&lt;\/b&gt; Current Opinion in Biotechnology, Volume 99&lt;\/p&gt;&lt;p&gt;Author(s): Devin A Golla, Chunxiao Sun, Logan Haugh, Naomi Straub, Xue Gao&lt;\/p&gt;\">Advances in multiplex precision genome editing in eukaryotic and prokaryotic systems<\/a><\/li><li><a href=\"https:\/\/www.sciencedirect.com\/science\/article\/pii\/S0958166926000595?dgcid=rss_sd_all\" target=\"_self\" title=\"&lt;p&gt;Publication date: June 2026&lt;\/p&gt;&lt;p&gt;&lt;b&gt;Source:&lt;\/b&gt; Current Opinion in Biotechnology, Volume 99&lt;\/p&gt;&lt;p&gt;Author(s): Rommel S Granja-Travez, Sang-Min Shin, Justin E Miller, Ramesh K Jha, Taraka Dale&lt;\/p&gt;\">Metric-driven biosensors for analyte detection<\/a><\/li><li><a href=\"https:\/\/www.sciencedirect.com\/science\/article\/pii\/S095816692600056X?dgcid=rss_sd_all\" target=\"_self\" title=\"&lt;p&gt;Publication date: June 2026&lt;\/p&gt;&lt;p&gt;&lt;b&gt;Source:&lt;\/b&gt; Current Opinion in Biotechnology, Volume 99&lt;\/p&gt;&lt;p&gt;Author(s): Richa Guleria, Mark A Blenner&lt;\/p&gt;\">Microbial and synthetic biology solutions for waste management and biomanufacturing off Earth<\/a><\/li><li><a href=\"https:\/\/www.sciencedirect.com\/science\/article\/pii\/S0958166926000236?dgcid=rss_sd_all\" target=\"_self\" title=\"&lt;p&gt;Publication date: June 2026&lt;\/p&gt;&lt;p&gt;&lt;b&gt;Source:&lt;\/b&gt; Current Opinion in Biotechnology, Volume 99&lt;\/p&gt;&lt;p&gt;Author(s): Lisa Y Stein, Dominic Sauvageau, Nina Deschner, Maryssa Iacobelli, Rachael Rieberger, Aaron Turner, Jezlyn Van Oers&lt;\/p&gt;\">Methanotroph-embedded hydrogels as platforms for methane removal<\/a><\/li><li><a href=\"https:\/\/www.sciencedirect.com\/science\/article\/pii\/S0958166926000364?dgcid=rss_sd_all\" target=\"_self\" title=\"&lt;p&gt;Publication date: June 2026&lt;\/p&gt;&lt;p&gt;&lt;b&gt;Source:&lt;\/b&gt; Current Opinion in Biotechnology, Volume 99&lt;\/p&gt;&lt;p&gt;Author(s): Yuguo Yang, Mingfei Chen, Susannah G Tringe, Harshini Mukundan, Romy Chakraborty&lt;\/p&gt;\">Toward an integrative framework for monitoring biodegradation of environmental contaminants across scales<\/a><\/li><li><a href=\"https:\/\/www.sciencedirect.com\/science\/article\/pii\/S0958166926000613?dgcid=rss_sd_all\" target=\"_self\" title=\"&lt;p&gt;Publication date: June 2026&lt;\/p&gt;&lt;p&gt;&lt;b&gt;Source:&lt;\/b&gt; Current Opinion in Biotechnology, Volume 99&lt;\/p&gt;&lt;p&gt;Author(s): Adam M Feist, Sunghwa Woo&lt;\/p&gt;\">Advancing specialized biofoundries via automated adaptive laboratory evolution<\/a><\/li><li><a href=\"https:\/\/www.sciencedirect.com\/science\/article\/pii\/S0958166926000583?dgcid=rss_sd_all\" target=\"_self\" title=\"&lt;p&gt;Publication date: June 2026&lt;\/p&gt;&lt;p&gt;&lt;b&gt;Source:&lt;\/b&gt; Current Opinion in Biotechnology, Volume 99&lt;\/p&gt;&lt;p&gt;Author(s): Tim Stoltmann, Stephan Noack&lt;\/p&gt;\">Rethinking the loop: toward integrated strain and bioprocess development<\/a><\/li><li><a href=\"https:\/\/www.sciencedirect.com\/science\/article\/pii\/S0958166926000200?dgcid=rss_sd_all\" target=\"_self\" title=\"&lt;p&gt;Publication date: April 2026&lt;\/p&gt;&lt;p&gt;&lt;b&gt;Source:&lt;\/b&gt; Current Opinion in Biotechnology, Volume 98&lt;\/p&gt;&lt;p&gt;Author(s): Stefanie Westermann, Bastian C Benn\u00fchr, Amy R Fumo, Maria Rohm, Karsten Hiller&lt;\/p&gt;\">Muscle\u2013immune metabolic crosstalk: shared pathways in cachexia and exercise<\/a><\/li><li><a href=\"https:\/\/www.sciencedirect.com\/science\/article\/pii\/S0958166926000194?dgcid=rss_sd_all\" target=\"_self\" title=\"&lt;p&gt;Publication date: April 2026&lt;\/p&gt;&lt;p&gt;&lt;b&gt;Source:&lt;\/b&gt; Current Opinion in Biotechnology, Volume 98&lt;\/p&gt;&lt;p&gt;Author(s): Chloe Lipinski, Ryo Tanifuji, Jack A Connolly, Rainer Breitling, Hiroki Oguri, Eriko Takano&lt;\/p&gt;\">Beyond nature: &lt;em&gt;in vivo&lt;\/em&gt; production of natural product analogues through programmed biosynthetic pathways<\/a><\/li><li><a href=\"https:\/\/www.sciencedirect.com\/science\/article\/pii\/S0958166926000169?dgcid=rss_sd_all\" target=\"_self\" title=\"&lt;p&gt;Publication date: April 2026&lt;\/p&gt;&lt;p&gt;&lt;b&gt;Source:&lt;\/b&gt; Current Opinion in Biotechnology, Volume 98&lt;\/p&gt;&lt;p&gt;Author(s): Anibal Arce, Dylan M Brown, Herma A Demissie, Siyuan Feng, Maram Naji, Julius B Lucks&lt;\/p&gt;\">Cell-free biosensors: where have we been and where do we need to go?<\/a><\/li><\/ul>\n<p><a href=\"http:\/\/rss.sciencedirect.com\/publication\/science\/09581669\" target=\"_blank\">More<\/a><\/p>\n","protected":false},"excerpt":{"rendered":"<p>More<\/p>\n","protected":false},"author":1,"featured_media":0,"parent":1524,"menu_order":0,"comment_status":"closed","ping_status":"closed","template":"","meta":{"footnotes":"","_links_to":"","_links_to_target":""},"class_list":["post-1492","page","type-page","status-publish","hentry","entry"],"_links":{"self":[{"href":"https:\/\/kermitmurray.com\/msblog\/wp-json\/wp\/v2\/pages\/1492","targetHints":{"allow":["GET"]}}],"collection":[{"href":"https:\/\/kermitmurray.com\/msblog\/wp-json\/wp\/v2\/pages"}],"about":[{"href":"https:\/\/kermitmurray.com\/msblog\/wp-json\/wp\/v2\/types\/page"}],"author":[{"embeddable":true,"href":"https:\/\/kermitmurray.com\/msblog\/wp-json\/wp\/v2\/users\/1"}],"replies":[{"embeddable":true,"href":"https:\/\/kermitmurray.com\/msblog\/wp-json\/wp\/v2\/comments?post=1492"}],"version-history":[{"count":1,"href":"https:\/\/kermitmurray.com\/msblog\/wp-json\/wp\/v2\/pages\/1492\/revisions"}],"predecessor-version":[{"id":1493,"href":"https:\/\/kermitmurray.com\/msblog\/wp-json\/wp\/v2\/pages\/1492\/revisions\/1493"}],"up":[{"embeddable":true,"href":"https:\/\/kermitmurray.com\/msblog\/wp-json\/wp\/v2\/pages\/1524"}],"wp:attachment":[{"href":"https:\/\/kermitmurray.com\/msblog\/wp-json\/wp\/v2\/media?parent=1492"}],"curies":[{"name":"wp","href":"https:\/\/api.w.org\/{rel}","templated":true}]}}